at is (2 + 3 - (-8 - (6 + -8))) + -6?
5
-63 - (0 - 27) - (5 + -7)
-34
Calculate (135 - 148) + 2 + 4.
-7
Calculate 15 - (3 - (-3 - -1) - (23 + -10)).
23
Calculate (6 - -5) + -4 + (-5 - (1 + 16)).
-15
What is the value of (2 - -2) + (0 - (2 + -4) - -6)?
12
What is 1 + -7 - (0 + (-3 - -6) - -3)?
-12
What is -10 - (-6 + (0 - (-3 + -3)))?
-10
What is the value of 1 + 10 + 19 + -15 - (-8 - -3)?
20
What is (-82 - (-73 + 4)) + (-1 - (-1 - 1))?
-12
Evaluate (1029 - 1073) + (27 - 0).
-17
What is 115 + -105 + (1 - 2) + 0?
9
Calculate -10 + ((-4 - 3) + 11 - (0 - -1)).
-7
Evaluate (-33 - -47) + -5 + -17 + -7.
-15
What is the value of -1 - -2 - (-13 - (-43 - -43))?
14
Calculate 21 + -9 - -5 - 5.
12
Calculate -2 + 3 + (0 - (-8 + (4 - -3))).
2
Evaluate -38 + 56 - 43 - (1 - 15).
-11
What is the value of 0 - 4 - (9 - 2 - (-21 + 29))?
-3
(12 - (13 + -10)) + 23 + -33
-1
Evaluate -6 + (-57 - -56) + -18 + 0.
-25
Evaluate -6 - (-17 + (10 - -4)).
-3
15 + -11 + 4 + 9 + -36
-19
What is (-18 - -1) + (75 - (-65 - -143))?
-20
What is the value of 9 + -2 - (1 + -2) - (2 - 0)?
6
Evaluate 35 + -41 + 10 + -1 - 2 - -6.
7
What is (24 - (59 - 26)) + 0 + -5?
-14
Calculate 25 - (-20 + 44) - (-5 - 3).
9
What is the value of 15 - (3 + -4 - (11 - 18))?
9
Evaluate 1 + (0 - 10) + 39 + -20.
10
What is (3 - (-1 + (-8 - (-1 + -5)))) + -22?
-16
2 + 21 + -6 + 3 + 6 + 8
34
Calculate -16 + (-3 + -9 + 16 - 8) + 5.
-15
What is the value of -5 + -9 + (-26 - -60)?
20
What is the value of 0 + -3 + -1 + -33 + 67?
30
Calculate -47 + 50 + (7 - -1) + 14 + 6.
31
What is the value of -29 - -13 - 8 - -6 - 3?
-21
What is -4 + (-5 - 0) + (-15 - (0 + 3))?
-27
Evaluate (4 - (-4 + 9 - 4)) + 10 + -7.
6
-6 + (2 - -7) - -13
16
-18 + 3 + 14 + (1 - -1) + -6
-5
(2 - -26) + 14 - 77
-35
Calculate -16 - (-18 + 2 - (1 + -10)).
-9
1 - (-2 + 6 + 26 + -47 + 7)
11
(4 - -27) + -13 + -25
-7
What is -18 + -10 + -15 + 11?
-32
-183 + 170 - (-1 - (-1 - 4))
-17
-1 + -9 - (-4 + 3 + -3)
-6
Calculate 16 - -1 - (107 + -100).
10
What is the value of (3 - 0) + 6 + (-20 - -13)?
2
What is (16 - 15) + 3 + 2 + -14?
-8
Calculate -4 + 10 - (-3 - -17) - (8 + -25).
9
Calculate (2 - 10) + 18 + (-2 + 1 - 0).
9
Evaluate (-57 + 59 - (-1 - -4)) + -7.
-8
Calculate -7 + (22 - 7) + -12 - 0.
-4
What is 3 + (13 + -12 - 1) + 7?
10
Calculate -4 - (-6 + (7 - 21)) - (5 + 0).
11
What is the value of 472 + -465 - (0 - -9)?
-2
What is -12 + -5 + 2 + 100 + -94?
-9
What is 23 - 14 - (-20 - -4 - -8)?
17
Evaluate (-18 - (-17 - -17)) + 28.
10
What is the value of -3 + -4 + (-2 - (6 - 11) - 3)?
-7
-32 + (12 - -3) + 1
-16
Calculate -1 + (2 - (1 + 5 + 3 - 42)).
34
Evaluate 2 + (-2 - 2) - ((-8 - 0) + 2).
4
(-1 - -13) + 457 + -497
-28
Calculate -17 - 1 - (-1115 + 1100).
-3
Evaluate (-66 - -63 - (-1 + -6)) + -2 - 3.
-1
What is the value of -13 + -39 + 47 + 0 + -1?
-6
What is 380 + -409 + 0 + 13?
-16
Evaluate -9 + -2 + 5 - (-10 + (8 - 8)).
4
1 - 1 - -1 - 5 - (-158 - -170)
-16
(77 - (52 - -26)) + 29 + -1
27
Calculate -19 - (2 - (8 - 4)) - 1.
-18
What is the value of (86 - 71) + 1 + -1 + 7?
22
Calculate -3 - (10 - ((8 + -4 - 6) + 6)).
-9
Evaluate 15 + (14 - 27) + 6.
8
Calculate 0 + -1 - (-15 - -46 - 35).
3
406 + -384 - (0 - -31)
-9
What is (-5 - -3) + -17 + 31 - (-3 + -1)?
16
5 + -16 - (-8 + (-2 - -2))
-3
Calculate (3 - 6 - -8 - 5) + -10.
-10
What is the value of 21 - 8 - (88 + -97)?
22
What is 6 + 10 + -12 + 12 + -35?
-19
Evaluate -3 + (0 + (5 + -6 - 1) - -8).
3
What is (18 - (-7 + 11)) + -32?
-18
What is the value of (-4 + -3 - -17) + -8 + -7 + 6?
1
Evaluate 33 + (-9 - 4) - (4 - (-1 - 1)).
14
-3 + (-8 - -14) + 7
10
1 + -1 + (-68 - -67)
-1
Calculate -7 + (10 - 8 - -28) + -11.
12
What is the value of -4 - (86 + -72 - (0 + -5))?
-23
Evaluate -31 - (-35 - (15 + -39)).
-20
What is the value of 12 + (8 - 29) + 8 - 0?
-1
Calculate 8 + -4 + (12 - 30) - -11.
-3
Calculate 18 + -15 + -22 + 11.
-8
Calculate ((20 - 14) + (0 - 13) - -9) + 0.
2
-13 - (6 + 4 + -5 + -6)
-12
What is 1 + -6 + 45 + -26?
14
What is 14 - ((3 - 4 - -5) + 1)?
9
What is the value of 6 + -2 + -8 + 1?
-3
-76 + 66 + (10 - 2 - -4)
2
Calculate 19 - (-1 + -14 + 29) - (-11 - 0).
16
(-3 - -17 - 10 - (13 + 3)) + 0
-12
What is 3 - (0 - -8) - -9?
4
-9 + -16 + 24 + 1
0
Calculate 5 + 8 + -14 + 1 + 4.
4
What is the value of 14 - (-6 - -32) - -22?
10
What is the value of -24 + (-9 - (10 + -10) - -19) - 2?
-16
9 + (4 + 0 - (44 + -3 + 1))
-29
Evaluate (-8 - -3) + (-9 - -21) - (11 + 2).
-6
3 + (-2 + -14 - (-83 + 88))
-18
Evaluate (3 - 3) + 2 - (-85 - -92).
-5
Evaluate (-3 - (-2 + 6)) + (5 - -1).
-1
What is the value of (-1 - 4) + -1 + -5 + 40 + -2?
27
Calculate -2 + -19 - (-7 + 1).
-15
9 - (-5 + (-7 - -8))
13
Calculate -3 + 0 + (22 - (7 + -6)) + -14.
4
Calculate -18 + 0 + (367 - 349).
0
(-33 - 1) + (81 - 70) + (-3 - 4)
-30
What is the value of -8 + 0 - -1 - ((-23 - 6) + 14)?
8
Evaluate -6 - -12 - (1 - -9).
-4
2 + (-2 - (15 - (1 - -7))) - 5
-12
6 - ((19 - (-1 - -7 - 13)) + -5)
-15
What is 17 - (-1 - -20) - (-22 + 2)?
18
Evaluate 133 - 162 - (1 - 3 - (4 + -9)).
-32
What is the value of -9 + 1 - (9 - (-11 + (-4 - -57)))?
25
Evaluate 13 - (-11 - (-23 - 0)).
1
What is the value of (6 - (-4 - -4)) + 30 + -23 + -11?
2
(5 - 1) + 2 + -48 + 40
-2
13 + (1 - 11 - 9) - -8
2
Calculate -6 - (-18 - (5 - 11)) - (20 + -24).
10
27 + (-3 - (3 - -6))
15
What is the value of 10 + (-1 - (25 + -5 - (-16 + 6)))?
-21
What is -8 + 12 - 0 - (10 - 5 - 6)?
5
-6 + -3 + 0 + 230 + -242
-21
Evaluate 9 - -3 - (20 + -10 + -8).
10
What is the value of (-4 - (-2 - -5) - (-6 - 3)) + -4?
-2
Evaluate 37 + 2 + -38 + -18.
-17
What is the value of (-3 - (-2 - 12)) + (8 - 52 - -24)?
-9
70 - 24 - 25 - 7
14
1 + (-4 - (-22 - -8))
11
Calculate (-7 - -4) + (8 - 1 - 4) - -11.
11
-41 - (-26 - -14) - -13 - -47
31
-13 + 4 + -2 + -3 + 21 + -13
-6
Calculate 18 + (-18 - (-39 + -16) - 18).
37
What is 19 + (13 - 12) + 4 + -5 + -6?
13
What is -2 + -41 + 29 + -9?
-23
What is the value of (-2 - 12 - (-1 + 7)) + (23 - 32)?
-29
Evaluate 26 - 24 - (39 - 37).
0
What is (131 - 128) + -5 + 1?
-1
-22 - (13 - (-20 - -53))
-2
What is 9 + -2 + (7 + 26 - 26)?
14
What is the value of 5 - 16 - (-1 - -15)?
-25
What is 433 - 412 - (34 + -1)?
-12
Calculate 27 + 232 + -238 + -1 + 0.
20
What is (3 - 7 - 7) + 24 + 0?
13
What is -2 + (7 - 3) + -18 + (-40 - -74)?
18
What is the value of 1 - (-4 + -10) - 13?
2
Evaluate -5 - (14 + -7 - (24 - 11)).
1
Calculate -8 - -9 - (9 - (14 + 3)) - 30.
-21
What is the value of (-28 - -9 - (-6 - 5)) + -6?
-14
Calculate 12 + -5 + 14 + -16 - -17.
22
Calculate (39 - 36) + -8 + -5 + 2.
-8
What is -4 - (-8 + (-11 - -15) - -6 - 3)?
-3
Calculate 12 + (-7 - 31) + (-2 - -9).
-19
Calculate 11 - 14 - (15 + -4 + -2).
-12
(1 - -2 - (-26 + 42)) + 26
13
Calculate 10 + -20 + 24 + -10.
4
What is the value of 17 + (-57 - -15) + 18?
-7
What is the value of -14 + 31 + (-5 - 0)?
12
What is (17 - (-4 - -1)) + -13 + 4?
11
What is the value of (-23 + (2 - -14) - (-1 - 1)) + -8?
-13
Calculate (256 + -242 - (3 - 0)) + -2.
9
Evaluate (-1 - -19) + 24 + -28 - (-2 + 0).
16
-7 + -6 + 3 + 7 + 4 + -2
-1
What is the value of 9 + -27 + (15 - 3) + 24?
18
10 - (6 + 32 + 11 - 13)
-26
What is the value of 6 - (4 - 3 - (5 + -8 + 7))?
9
What is (7 + -24 - 10) + (2 - -5)?
-20
Calculate (-9 + 9 - (4 - -8)) + 1.
-11
What is the value of (23 - 12) + (-3 - 5) + (2 - 1)?
4
Evaluate -1 + 1 + -13 + -2 + 46.
31
Calculate -16 - (-9 + -9) - (2 + 7).
-7
What is 39 - 45 - (-3 + -4 - (-3 - -1))?
-1
Calculate (1 + -17 - (1 - 5)) + (5 - 3).
-10
What is the value of -16 + 11 - (-6 + -9)?
10
What is the value of 29 - (3 - -8 - -49)?
-31
What is the value of (-6 - -11) + (10 - 7 - 19)?
-11
What is -29 - -23 - ((0 - 13) + -3 - 0)?
10
What is the value of -57 - (-164 + 108) - (5 + (-1 - -2))?
-7
Evaluate 22 - (6 - 1) - (21 + 20).
-24
Evaluate (-2 - -5) + (1 - (-7 - -4)) - -5.
12
What is (0 - 10 - (154 + -156)) + 1 + -9?
-16
Calculate 12 - (29 + -8 - 4 - 27).
22
Evaluate -17 - ((11 + -14 - -17) + -54).
23
Calculate (2 - 4) + -18 + 8.
-12
Calculate -35 + 116 + -42 - 13.
26
Evaluate 1 - (0 + (0 - 7)).
8
(0 + -7 + 5 - -1) + -8
-9
Evaluate 0 - (0 + -12) - (-318 - -314).
16
What is (2 - (10 - 0)) + -609 + 641?
24
What is the value of 0 + (-23 - 1 - -34)?
10
What is -23 + (5 - -33 - 0)?
15
What is 19 + -7 - (6 - -10)?
-4
What is the value o